What is the units digit of h?
1
Suppose -2*t = -14 + 6. Suppose k = -3*f + 60, t*f - k - 87 = -0*k. What is the tens digit of f?
2
Let d be ((-12)/(-3 + 4))/(-2). Let c(v) = -v**3 + 5*v**2 + 6*v + 2. What is the units digit of c(d)?
2
Suppose 4*p + 20 = 0, 2*h - 5*p - 24 = 3*h. Suppose -j = d + 2*j + 3, -2*d - 5*j - h = 0. What is the tens digit of d?
1
Suppose -13 = 5*a - 3. What is the units digit of (-6)/a + (23 - -1)?
7
Let l(o) = o**3 - 11*o**2 + 11*o - 10. Let z be l(10). Let m be z + 2 + (1 - -50). Suppose 9 = -2*w + m. What is the units digit of w?
2
Suppose 40 = -4*l + 172. What is the units digit of l?
3
Let p(q) = q**3 + 7*q**2 + 6*q + 3. Let g be p(-6). Suppose 0 = g*f - 29 - 13. What is the tens digit of f?
1
Let v be (4/12)/((-2)/(-138)). Suppose -2*f - 10 = 3*b - 7*f, -3*f = 4*b + v. Let k(a) = -a**2 - 6*a + 2. What is the units digit of k(b)?
7
Let r(f) be the third derivative of f**6/120 + f**5/10 + f**4/8 - 2*f**3/3 - 2*f**2. Let c be r(-5). Let i = c + -5. What is the units digit of i?
1
Let l = 4 + 8. Suppose l = 2*n + 2*z, 5*n + z + z - 15 = 0. What is the units digit of n?
1
Suppose -3*d + 72 = -d. What is the units digit of d?
6
Suppose -92 = 2*b - 4*b. What is the units digit of b?
6
Let l = 4 + 9. Let j = l + 2. What is the tens digit of j?
1
Suppose 0 = -2*m + 3*m + w + 4, 4 = 4*w. Suppose 4 = -5*h + 2*h - 2*g, -3*g = -3. What is the units digit of 6/10 + h/m?
1
Suppose 0 = 4*p - 2*p. Suppose 2*q + 2 = -2*g + 4*g, -2*g + 5*q = 13. Suppose p + g = a. What is the units digit of a?
6
Suppose o - 5*r = -16, 0 = -6*o + 4*o - 4*r + 24. Suppose -o*j + 15 = -25. What is the tens digit of j?
1
Let a(i) = -i**3 + 5*i**2 - 3*i - 4. Let h be a(4). Let p = 0 - h. Suppose o + p*o = 2*r - 19, 0 = -3*r - 2*o + 18. What is the units digit of r?
8
Let d be 1 - 2/(-2*1). Suppose -4*k + 4*r + r = 61, 5*k - d*r = -72. What is the units digit of (0 - k)*2/4?
7
Suppose 54 = 4*w - 34. What is the units digit of w?
2
Suppose -66 = -5*k + 2*u, -4*k + 4*u + 46 = -u. Let d = k + -10. Suppose 1 = d*s - 7. What is the units digit of s?
2
Suppose -4*n + 47 + 4 = y, 0 = -3*y + 5*n + 102. What is the tens digit of y?
3
Let c(v) = -v**3 - 3*v**2 + 2*v + 1. What is the tens digit of c(-5)?
4
Let w be (-9)/6*16/(-6). Suppose -w*k + 5*k - 10 = 0. What is the units digit of k?
0
Let k = -9 + 5. Let y(m) = -m**2 - 4*m - 1. Let c be y(k). Let p = 4 + c. What is the units digit of p?
3
Suppose 0*j - 3 = -5*q + j, 0 = 2*q - j. Suppose 21 = 2*w + q. Let x(v) = v**2 - 8*v - 10. What is the units digit of x(w)?
0
Suppose -c = -2*l + c + 18, 4*l + 2*c - 18 = 0. Suppose 3*h - 5*p = 2*h + l, 4*h + 3*p - 24 = 0. Suppose -h = -t + 8. What is the tens digit of t?
1
Suppose 0 = 2*x + 2*a - 684, 5*x - a - 1730 = 4*a. What is the tens digit of x?
4
Suppose -2*p = -4*a, 2*a + 8 = -0*a. Let n = 0 + p. Let r = 3 - n. What is the tens digit of r?
1
Let a(s) = -2*s + 2*s + 0*s - 4*s - 2 + 2*s**2. What is the units digit of a(4)?
4
What is the hundreds digit of (-2 - -3)*5 - -123?
1
Let d = 70 + -42. What is the units digit of d?
8
Suppose g + 35 = 2*g + 5*t, 4*t - 82 = -2*g. Suppose -4*f + 3*d = -g, 4*f - 3*d - 51 = 2*d. What is the units digit of f?
9
Suppose -2*t = -4*t - 8, w - 39 = 5*t. What is the tens digit of w?
1
Suppose -3*z = 4*j - 153, 2*z - 3*j = -j + 102. What is the tens digit of z?
5
Let m(x) = 11*x**2 + 4*x + 1. Let p be m(3). Let d = p + -55. What is the units digit of d?
7
Let p be -1 + -6 + 2 + -2. Let v = -1 - p. Let h = 9 - v. What is the units digit of h?
3
Suppose 0 = 4*y - 166 - 26. Let f = 67 - y. What is the units digit of f?
9
What is the tens digit of (-4 + 2)*-2*(-94)/(-4)?
9
Let w = -162 + 350. What is the units digit of w?
8
Suppose 4*q = -2*o + 188, 0*o = o - 2*q - 90. What is the units digit of o?
2
Let g be ((-40)/6)/(4/(-6)). Let t = -3 + g. What is the units digit of t?
7
Suppose 3*n - 4*n = -45. What is the tens digit of n?
4
Let a = -352 + 630. What is the tens digit of a?
7
Let y be 6/15*-10*1. Let k = y - -6. Suppose l + k*q - 21 = 0, 3*l - 4*l = 4*q - 23. What is the tens digit of l?
1
Let p = -70 + 100. Suppose -3*g + 2*g + p = 0. Let n = g + -8. What is the units digit of n?
2
Suppose 6 = 4*d - 2*d. Suppose -2*g + 25 = -n, -4*g - d*n = -2*n - 65. What is the tens digit of g?
1
Suppose 2 = -2*g - 4. What is the units digit of (-54)/(-10) + g/(-5)?
6
Suppose 2*z - 3*z + 23 = 3*q, -5*q = 4*z - 78. Suppose -3*s + 4 = -z. What is the units digit of s?
7
Let f(j) be the third derivative of -j**5/60 - j**4/8 + 5*j**3/6 - j**2. Suppose -3*p + 2*k = -k + 18, -k = -2. What is the units digit of f(p)?
1
Suppose -1 = -d, -4*d = 14*r - 17*r + 203. What is the units digit of r?
9
Let p = -177 - -263. What is the tens digit of p?
8
Suppose -4*f - 40 = 5*u, u - 25 = 6*u + f. Let c be 27/6 - 2/u. What is the units digit of 43/c + 6/15?
9
Suppose 3*r + 73 = 6*r + h, 0 = -2*r + 4*h + 72. What is the units digit of r?
6
Let w be 9/(-15) + (-96)/(-10). Suppose 6 = f - w. What is the tens digit of f?
1
Suppose -2*v = v - 99. Let q = 22 + -43. Let f = q + v. What is the tens digit of f?
1
Let x be (5/3)/(4/36). Let t be (-54)/x - (-4)/(-10). Let k = 7 + t. What is the units digit of k?
3
Suppose -5*p - 5 = 0, 3*f - 3*p = 2*f + 24. What is the units digit of f?
1
Suppose 4*i = -8*x + 3*x + 92, 0 = 3*i + x - 58. Let b = -33 + i. Let w = -10 - b. What is the units digit of w?
5
Let n(f) = f - 2. Let r be n(7). Suppose c = v - 2*c - 24, -5*c = r*v - 80. What is the tens digit of v?
1
Suppose -p + 2 + 4 = 0. Let f(i) = i - 10. Let o be f(12). What is the units digit of (4 + o)/(4/p)?
9
Suppose 9 = -4*d + 25. Suppose 4*o + 3*h = h + 78, -d*o = 4*h - 76. What is the tens digit of o?
2
Suppose 0 = 5*l - 2*k - 15, 2*l - k - 3 = 4. What is the units digit of 8 + l/2*-4?
6
Suppose 0 = 2*q + 4*o - 566, 4*q - 882 = -2*o + 250. What is the units digit of q?
3
Let m be (2 - -3) + -1 + 0. Suppose -4*s - 10 = 2*c, -3*s + 3*c - 10 = 2*c. Let u = s + m. What is the units digit of u?
1
Let w(v) = -26*v - 24. What is the hundreds digit of w(-5)?
1
Suppose -4*t = 3*h - t - 96, 0 = -2*h + 2*t + 72. What is the units digit of h?
4
Suppose 5*m = -u + 32, 22 = m - 6*u + u. What is the units digit of m?
7
Suppose -4*k - 1 = 15. Let w(g) = -g + 1. What is the units digit of w(k)?
5
Suppose 0 = -p - 4, -3*f + 4*f + p = -1. What is the units digit of -1*f/3 - -8?
7
Suppose -134 = -11*q + 823. What is the tens digit of q?
8
What is the units digit of (-4)/18 - 470/(-9)?
2
Suppose 7 = -3*k + 25. Suppose 0 = -n + k*n - 20. What is the units digit of 3/(6/n) - -9?
1
Let j(u) be the third derivative of u**6/120 - u**5/60 - u**4/8 + u**3/3 - u**2. Let o be j(2). Suppose o = 4*h - 2*h - 6. What is the units digit of h?
3
Suppose -4*f - 236 = 4*p - 9*p, 3*f - 164 = -4*p. What is the units digit of p?
4
Let r(d) = -d**3 - 7*d**2 + d - 5. Let n be r(-7). Let f(k) = k**2 + 11*k - 1. What is the units digit of f(n)?
1
What is the tens digit of -1*57*4/(-12)?
1
Let w(d) = d - 10. Let m be w(-5). What is the tens digit of (48/m)/(-4)*30?
2
Let h(k) = -5*k**2 + 2*k - 2. Let d(m) = -m**2 - 1. Let j(l) = -6*d(l) + h(l). What is the tens digit of j(5)?
3
Let c(s) = s**3 - 7*s**2 + 8*s - 6. Let b be c(6). Let l = b - 4. What is the units digit of l?
2
Let f(k) = -k + 1. Let l(y) = 4*y - 2. Let p(s) = -3*f(s) - l(s). Let g(v) = -10*v - 5. Let r(n) = -g(n) + 6*p(n). What is the units digit of r(2)?
7
Suppose -68*c = -67*c - 59. What is the tens digit of c?
5
Let t be (-8)/(-12)*(5 + -2). Let b be (-14)/8 - t/8. Let r(k) = -9*k + 2. What is the tens digit of r(b)?
2
Let u = -3 + 3. Suppose u = -4*y + 2*y + 38. What is the units digit of y?
9
Let j = 10 + -5. Let t(f) = -f**3 + 5*f**2 + f - 3. What is the units digit of t(j)?
2
Suppose 740 = 5*l - l + 4*d, -d = -2*l + 373. What is the tens digit of l?
8
Suppose 242 + 94 = 16*t. What is the tens digit of t?
2
Suppose 2*z - 10 = 7*z. Let s be z + -1 + 2 + -2. What is the units digit of (-30)/s + -1*1?
9
Let u = -84 - -176. What is the units digit of u?
2
Suppose 0 = -4*z + 3*z + 4. Suppose -5*w + 44 = z. What is the units digit of w?
8
Let n be (0/1)/((-3)/1). Suppose k = -n*k + 3. What is the units digit of k?
3
Suppose 2*j - 119 = 3*k, j - 2*j - 2*k = -